mber?
True
Is 2678201 composite?
True
Is 104367553 prime?
True
Is 4042211 a composite number?
False
Is 448907 a composite number?
False
Is 6213863 composite?
True
Is 29413717 a prime number?
True
Is 486791 a prime number?
False
Is 85427 a prime number?
True
Is 290948447 a prime number?
True
Is 262763 prime?
False
Is 337139 composite?
True
Is 42196621 prime?
True
Is 1129679 a composite number?
False
Is 1343123 a prime number?
False
Is 9045899 a composite number?
True
Is 19627243 prime?
False
Is 1600154 prime?
False
Is 37063 a prime number?
False
Is 2319631 composite?
False
Is 37183951 a prime number?
False
Is 19974101 composite?
True
Is 83742941 a prime number?
True
Is 1059733 a composite number?
False
Is 10298697 a prime number?
False
Is 30836669 a prime number?
True
Is 146770031 composite?
False
Is 13705557 a composite number?
True
Is 17942257 a composite number?
False
Is 3824243 a prime number?
True
Is 4495397 a prime number?
True
Is 205936261 a composite number?
False
Is 2678057 a composite number?
True
Is 8143973 composite?
True
Is 2460091 a prime number?
False
Is 360337319 composite?
False
Is 78112871 prime?
True
Is 1041421 a composite number?
False
Is 216020683 composite?
True
Is 4002035 a composite number?
True
Is 77289503 a composite number?
True
Is 3305717 prime?
True
Is 1577626 prime?
False
Is 1289501 prime?
False
Is 16113541 a composite number?
False
Is 148940419 a composite number?
False
Is 292067 composite?
True
Is 2051923 composite?
False
Is 41578835 a composite number?
True
Is 3010859 composite?
True
Is 38996129 a composite number?
False
Is 10358359 composite?
True
Is 144248345 prime?
False
Is 47938531 a prime number?
False
Is 100713077 a prime number?
True
Is 10028203 a composite number?
True
Is 39012907 a prime number?
True
Is 81177113 prime?
True
Is 15670813 prime?
False
Is 96002185 composite?
True
Is 7848937 prime?
False
Is 123831217 a prime number?
True
Is 43377197 prime?
False
Is 243022411 prime?
False
Is 266199827 a prime number?
False
Is 23729089 prime?
True
Is 18818353 prime?
False
Is 453754753 a composite number?
True
Is 7020821 a composite number?
False
Is 12789317 prime?
False
Is 2979591 prime?
False
Is 91392911 a prime number?
True
Is 881604293 prime?
False
Is 22553221 composite?
True
Is 694425903 a composite number?
True
Is 45561169 composite?
True
Is 7102397 a prime number?
True
Is 24903598 a composite number?
True
Is 195752189 a composite number?
False
Is 44898397 prime?
True
Is 4723877 a prime number?
True
Is 521361299 prime?
True
Is 48687097 a prime number?
True
Is 120220553 prime?
True
Is 302307 a prime number?
False
Is 1176095749 a prime number?
True
Is 110852977 prime?
True
Is 29832079 prime?
True
Is 9527 a composite number?
True
Is 359549 prime?
True
Is 27814067 a composite number?
False
Is 17066461 composite?
True
Is 520029313 a prime number?
False
Is 2789231 composite?
True
Is 10742083 prime?
False
Is 9445453 composite?
False
Is 14614427 a prime number?
False
Is 3978361 a composite number?
True
Is 13841869 prime?
True
Is 1211689 a composite number?
False
Is 1301803 a composite number?
True
Is 17054277 a composite number?
True
Is 940949 a prime number?
True
Is 253903 a composite number?
True
Is 9523673 a composite number?
False
Is 81439 a prime number?
True
Is 306023161 composite?
False
Is 7639 prime?
True
Is 29811385 a composite number?
True
Is 1744971 a composite number?
True
Is 184113203 prime?
False
Is 48663943 a prime number?
False
Is 74918287 a prime number?
False
Is 67588423 a prime number?
False
Is 3623069 a prime number?
True
Is 38771149 composite?
False
Is 740791091 a prime number?
True
Is 155840407 composite?
False
Is 3111803 a prime number?
True
Is 429043 composite?
False
Is 185060651 a prime number?
True
Is 94087691 a prime number?
True
Is 833849 a prime number?
False
Is 19234001 a prime number?
False
Is 375948383 a composite number?
True
Is 8698597 prime?
True
Is 332778713 a prime number?
True
Is 13233331 composite?
False
Is 54137579 prime?
True
Is 813473891 prime?
True
Is 195802811 prime?
True
Is 3154402 a composite number?
True
Is 1877753 composite?
False
Is 575551 a prime number?
True
Is 366577 a prime number?
False
Is 10164543 composite?
True
Is 8344481 a prime number?
True
Is 1362551 a composite number?
False
Is 10189313 composite?
False
Is 2870513 a composite number?
False
Is 39556421 composite?
True
Is 1553869 a composite number?
False
Is 481969 prime?
False
Is 81305087 composite?
False
Is 24633971 prime?
False
Is 2189771 composite?
True
Is 1868359 a composite number?
True
Is 2110099 a prime number?
True
Is 59352233 a prime number?
False
Is 17563189 composite?
True
Is 45428153 a prime number?
True
Is 607311379 composite?
True
Is 4997579 prime?
True
Is 1308029 a composite number?
False
Is 11804917 a prime number?
True
Is 139711601 composite?
True
Is 8994839 a composite number?
True
Is 977729 a prime number?
False
Is 5895473 a composite number?
True
Is 28619627 composite?
False
Is 8783303 composite?
False
Is 4018921 prime?
True
Is 10708319 a prime number?
True
Is 1977551 a prime number?
True
Is 549557 composite?
True
Is 114443851 prime?
True
Is 32985421 prime?
False
Is 177209 prime?
True
Is 47802291 composite?
True
Is 21793567 composite?
True
Is 9718727 a composite number?
False
Is 1286939 composite?
False
Is 17115671 prime?
True
Is 458053 prime?
True
Is 281223097 a prime number?
True
Is 2624909 composite?
True
Is 3253867 a prime number?
False
Is 1531753 prime?
False
Is 493433 a composite number?
False
Is 472767877 prime?
False
Is 427861217 a prime number?
False
Is 6548501 prime?
False
Is 47885611 a composite number?
True
Is 247777523 composite?
True
Is 24619841 prime?
True
Is 1315169 a composite number?
True
Is 2095813 prime?
True
Is 499630253 prime?
False
Is 153418051 composite?
False
Is 362212287 a composite number?
True
Is 63626267 a prime number?
False
Is 1730567 a prime number?
True
Is 1395167 a prime number?
True
Is 10739821 composite?
True
Is 52066519 composite?
False
Is 899939 composite?
False
Is 3871091 a prime number?
False
Is 1212611 a prime number?
True
Is 562103 prime?
True
Is 247126307 a composite number?
False
Is 144124393 prime?
False
Is 2871563 a composite number?
False
Is 519001 a prime number?
False
Is 3871129 a prime number?
True
Is 6336191 a composite number?
True
Is 237275321 prime?
True
Is 6035461 a prime number?
True
Is 13571813 a composite number?
True
Is 37980161 a prime number?
True
Is 159977 prime?
True
Is 17534317 a prime number?
True
Is 4288021 composite?
False
Is 104290327 prime?
True
Is 10855331 prime?
True
Is 1438793 a composite number?
False
Is 2683297 composite?
True
Is 2997157 a composite number?
False
Is 44806765 a prime number?
False
Is 207984383 composite?
False
Is 328180199 a composite number?
False
Is 36478133 composite?
False
Is 1790515 a prime number?
False
Is 21485483 prime?
False
Is 7884059 prime?
True
Is 5380663 a prime number?
False
Is 7061 a composite number?
True
Is 15759007 prime?
False
Is 14341031 composite?
False
Is 55720921 composite?
False
Is 5304659 a composite number?
True
Is 16841873 composite?
False
Is 13980557 a prime number?
True
Is 229769269 a prime number?
True
Is 740153 a prime number?
True
Is 625657 prime?
True
Is 711973 prime?
True
Is 258527 prime?
True
Is 8898391 prime?
True
Is 14229373 composite?
True
Is 543017 a composite number?
False
Is 1084439 a composite number?
True
Is 16645711 prime?
True
Is 65211295 a prime number?
False
Is 12132541 prime?
False
Is 49132693 prime?
True
Is 114482989 composite?
True
Is 19121881 prime?
True
Is 9780011 a composite number?
False
Is 25333951 composite?
True
Is 7421083 prime?
True
Is 1716665 prime?
False
Is 4352809 composite?
True
Is 61505203 a composite number?
False
Is 46521653 a prime number?
False
Is 2568361 prime?
True
Is 9537607 a composite number?
True
Is 1823869 a composite number?
True
Is 53557517 a composite number?
True
Is 4202041 prime?
False
Is 3395261 prime?
False
Is 641590967 a prime number?
True
Is 196787 prime?
False
Is 64663097 composite?
True
Is 4011437 prime?
False
Is 37055969 prime?
True
Is 6651493 prime?
False
Is 75343 composite?
True
Is 35547037 a composite number?
False
Is 8574359 composite?
False
Is 2203613 a composite number?
True
Is 441907 a prime number?